m, -303 = -5*r - 2*m. What is the remainder when r is divided by c?
19
Calculate the remainder when 349 is divided by 42 + 9/(-15) + 7/(-5).
29
Suppose -40*m + 16197 = -10*m - 11673. What is the remainder when m is divided by 172?
69
Let o(r) = r + 32. Let a be o(-28). Suppose 45 = a*i - 5*g, g - 10 = -4*i - g. What is the remainder when 50 is divided by i?
0
Let l = 203 - 194. Let n(v) = -6*v + 69. Suppose 0 = -0*m - 2*m - 4*y + 80, 5*m - 200 = y. What is the remainder when m is divided by n(l)?
10
Suppose 4*x - 402 - 342 = 0. Suppose x = 46*p - 43*p. Calculate the remainder when p is divided by 29.
4
Let n(c) be the second derivative of -17*c**3/6 + 75*c**2/2 - 4*c - 2. What is the remainder when 296 is divided by n(0)?
71
Calculate the remainder when (124*7/112)/(26/66456) is divided by 12.
9
Suppose o - 384 = p, -2*p + 147 = o - 213. Calculate the remainder when o is divided by 109.
49
Let p = 20 + -11. Let o be -24 + ((-2)/(-3))/((-6)/9). Let j = o - -53. Calculate the remainder when j is divided by p.
1
Suppose 306 = -k + 374. What is the remainder when k is divided by 23?
22
Let y(k) = -4*k + 40. Let w be y(9). Suppose 3*h + 0*h - w*v - 788 = 0, 1322 = 5*h + 2*v. What is the remainder when h is divided by 86?
6
Let h(m) = 4*m**2 + 14*m - 276. Calculate the remainder when h(10) is divided by 55.
44
Let a(r) = -r**3 + 15*r**2 + 2*r - 18. Let j(g) = 3*g**3 + 34*g**2 - 23*g + 27. Let u be j(-12). What is the remainder when 22 is divided by a(u)?
10
Let a(d) = 2*d**2 + 13*d + 9. Let b(i) = -3*i**2 - 2*i - 11. Let t be b(0). What is the remainder when a(t) is divided by 28?
24
Let t = -63 - -97. What is the remainder when 1484 is divided by t?
22
Suppose i - 4*w = 34, -3*i + 13 + 54 = -5*w. Suppose -4 = 2*j - i. Suppose 4*q - 5*x = -2*x + 92, x = -j*q + 134. What is the remainder when 51 is divided by q?
25
Suppose -3*l + 109 = -5*u - l, 0 = 5*u + 2*l + 101. Let g(j) = 2*j**2 + 42*j + 11. Calculate the remainder when 2/(-24)*-9*84 is divided by g(u).
8
Let k be -3 - ((-4)/(-5))/((-2)/20). Suppose -3*r + 4*i + 195 = 9*i, 130 = 2*r + k*i. What is the remainder when r is divided by 33?
32
Suppose 0 = -6*q - 8*q - 70. Let k(r) = -r**2 - 13*r - 18. Calculate the remainder when k(q) is divided by 7.
1
Let z(s) = 8*s + 2*s**2 - 2*s + 15 + 4*s + 5. Calculate the remainder when z(-6) is divided by 13.
6
Suppose -2385 + 8148 = 17*g. Suppose 2*f = 5*x - 83, -69 = -4*x - f - 0*f. Calculate the remainder when g is divided by x.
16
Let j = 75 + -47. Suppose b = -b + j. Let v(q) = q**2 - 15*q - 9. Calculate the remainder when v(19) is divided by b.
11
Let b(f) = 61*f**2 + 119*f - 119. Calculate the remainder when 252 is divided by b(1).
8
What is the remainder when (2/((-24)/861))/((165/(-176))/15) is divided by 233?
216
Suppose 1039*q - 34008 = 385*q. Let c = 49 + -31. Calculate the remainder when q is divided by c.
16
Suppose 3*z = 2*k + 4, 4*z + 2*k - 1 = -5. Suppose z = -p + 25*p - 6240. Calculate the remainder when p is divided by 44.
40
Let r = 11117 + -11095. Calculate the remainder when 726 is divided by r.
0
Let n be 2/4*-2*(-8 + 3). Suppose 0*r = -n*r + 455. Let m = -80 + r. What is the remainder when 20 is divided by m?
9
Suppose -2*j - 6 = -26. Let k = -437 - -726. Suppose -3*u = -5*p + 488, -3*u = -3*p - 5*u + k. Calculate the remainder when p is divided by j.
7
What is the remainder when 3918 is divided by 4 - (-46)/(-10) - 2252/(-20)?
110
Let w be 142/10 - (10/50 + 0). Suppose -9*l + w*l = 110. What is the remainder when l is divided by 9?
4
Let d(i) = -14*i - 20*i + 161 + 39*i - 18*i. Suppose 4*t - 5*u - 108 = 0, 12 - 104 = -4*t + u. Calculate the remainder when t is divided by d(12).
2
Suppose 2*z + 5 = 3*z. Suppose v - z*g + 2*g = 5, -3*v + 51 = 3*g. What is the remainder when 30*1 - (-60 + 50) is divided by v?
12
Suppose -70*b + 3458 = -562 + 170. What is the remainder when 308 is divided by b?
33
Suppose -18*t + 3882 = -3*d, 0*t - 2*t - d + 442 = 0. What is the remainder when t is divided by 209?
8
Let g be 56/4*(-5)/(-10). Suppose g*o + 36 = 1. Calculate the remainder when 45 is divided by ((-17)/o)/((-2)/(-10)).
11
Let m(u) = -53*u - 2263. What is the remainder when m(-43) is divided by (1/2)/((-2)/(-44))?
5
Let y = 2202 + -2071. Let w(h) = 2*h - 3. Let q be w(4). Suppose 70 - 10 = q*o. What is the remainder when y is divided by o?
11
Suppose 286*h - 350 = 281*h - 65. Calculate the remainder when 968 is divided by h.
56
Let w = -434 + 455. Suppose 216*z - w = 213*z. Calculate the remainder when z is divided by (-3)/(-2 + -2 + 3).
1
Let h = 34 - 358. Let w = -273 - h. What is the remainder when w is divided by 7?
2
Let x(w) = 6*w**2 + 49*w + 11. Let d be x(-8). Calculate the remainder when 429 is divided by d*17 - (5 - 2).
45
Let w(t) = 11*t**3 + t**2 + 2*t - 2. Suppose -f + 2*s - 5 = -0*s, 0 = -5*f + 5*s - 5. Suppose -x = f - 4. Calculate the remainder when 35 is divided by w(x).
11
Let i = 29 - 72. Let l be i/(-1) - 0/(-2). Suppose -m = -0 - l. What is the remainder when m is divided by 12?
7
Let q(r) = -3*r**2 + 51*r + 3. Let a be q(17). Suppose a*k - 2*p = 154, -5*k - p - 3 = -238. Calculate the remainder when k is divided by (-1 + 2)/(2/34).
14
Suppose 21*m - 4 = 80. Suppose 0 = -5*u + 3*w + 387, -51 - 253 = -m*u + w. What is the remainder when u is divided by 4/((4/26)/1)?
23
Calculate the remainder when (-7)/((-28)/(-524))*(-138)/6 is divided by 11.
10
Calculate the remainder when 3301 is divided by 44*(3 - 2) - -15.
56
Suppose -107*z + 101*z + 78 = 0. Suppose -v + 658 = z*v. What is the remainder when 1127 is divided by v?
46
Let y = 22635 - 18068. What is the remainder when y is divided by 304?
7
Suppose -i = -14 + 87. Let q = 21 - i. Let y(m) = -m**2 + 23*m - 28. Calculate the remainder when q is divided by y(20).
30
Suppose -10*n = -2*v - 5*n + 17, -v + n + 7 = 0. Suppose -a - v = -33. Calculate the remainder when 64 is divided by a.
10
Calculate the remainder when 0 - (-1 + 3) - -41 is divided by 96/816 + 4260/204.
18
Let x = 13 + -13. What is the remainder when 29/(-1 + 3 - x)*10 is divided by 11 - 14 - (-39 + -1)?
34
Let f(c) = -c**3 - 6*c**2 - 6*c + 2. Let j be f(-5). Let i = j + 6. Suppose -3*s + 65*v = 62*v - 141, 3*v = 6. What is the remainder when s is divided by i?
10
Let p(c) = -c**2 - 9*c - 4. Let i be p(-8). Suppose -i*u + 33 = -19. Calculate the remainder when u is divided by 6.
1
Let s = 781 + -537. Calculate the remainder when s is divided by 28.
20
Let z = -462 - -447. Calculate the remainder when 31 is divided by (-145)/z - (12/(-9) + 1).
1
Let x(m) = m**3 - m**2 + 4. Calculate the remainder when x(5) is divided by (5 + 1 - 1)*483/69.
34
Let f = 169 + 299. Calculate the remainder when f is divided by 24.
12
Let t = -47180 + 47190. Let i be 488/5 + (-8)/(-20). Let h = i + -59. Calculate the remainder when h is divided by t.
9
Let s = -31 + 687. What is the remainder when s is divided by 14?
12
Suppose 0 = 31*y - 552 - 6516. What is the remainder when y is divided by 178?
50
Suppose 0 = 3*f - 3*y - 162, 4*f + y - 240 + 34 = 0. Suppose -37*s + 39*s = f. Let u = s - 16. What is the remainder when 37 is divided by u?
7
Let x(t) = -2*t**2 - 25*t - 63. What is the remainder when 2193 is divided by x(-5)?
9
Suppose -136*h + 73102 = -76634. Calculate the remainder when h is divided by 58.
57
What is the remainder when 677 is divided by 29/((-406)/(-140)) + 8/(-2) + 160?
13
Suppose 0 = -236*r - 26*r + 14934. What is the remainder when 11740 is divided by r?
55
Let d(a) = a**2 + 12*a + 19. Let g = 3 + -3. Suppose 2*r + 40 = 5*h, g = h - r - 6 + 1. What is the remainder when d(-12) is divided by h?
9
Calculate the remainder when 379 is divided by 24/(-66) - (-12)/((-660)/(-18445)).
44
Let p = -11227 - -13614. Calculate the remainder when p is divided by 126.
119
Let k be -690*(28/21)/(0 - 2). Suppose -4*w = 256 - k. Calculate the remainder when w is divided by 18.
15
Let c = -25 - -41. What is the remainder when 5/3*(-9360)/(-100) is divided by c?
12
Let n = -34488 - -34647. Suppose 0 = 2*j - w - 4, 6*w - 2*w = -3*j + 28. What is the remainder when n is divided by j?
3
Let i = -1821 - -1845. Calculate the remainder when 250 is divided by i.
10
Let a = -8381 - -8462. Calculate the remainder when a is divided by 7.
4
